{"id":1202,"date":"2025-11-22T15:56:00","date_gmt":"2025-11-22T14:56:00","guid":{"rendered":"https:\/\/thetallguy.fr\/?page_id=1202"},"modified":"2025-11-22T15:57:23","modified_gmt":"2025-11-22T14:57:23","slug":"ephemerides-universelles","status":"publish","type":"page","link":"https:\/\/thetallguy.fr\/index.php\/astronomie\/ephemerides-universelles\/","title":{"rendered":"\u00c9ph\u00e9m\u00e9rides Universelles"},"content":{"rendered":"\n<!-- D\u00c9BUT INT\u00c9GRATION CORRIG\u00c9E (CALC METHOD) -->\n<div style=\"\n    width: 100vw; \n    position: relative; \n    margin-left: calc(50% - 50vw); \n    margin-right: calc(50% - 50vw); \n    background-color: #0f172a; \n    overflow: hidden; \/* Coupe tout d\u00e9passement ind\u00e9sirable *\/\n    box-sizing: border-box;\n\">\n    <iframe \n        \/* V\u00e9rifiez bien que le nom du fichier ici correspond \u00e0 celui sur votre serveur *\/\n        src=\"https:\/\/thetallguy.fr\/apps\/Ephemerides_Universelles.html\" \n        style=\"\n            width: 100%; \n            height: 100vh; \n            min-height: 1100px; \n            border: none; \n            display: block;\n        \"\n        title=\"\u00c9ph\u00e9m\u00e9rides Universelles\"\n        loading=\"lazy\"\n        allowfullscreen>\n    <\/iframe>\n<\/div>\n<!-- FIN INT\u00c9GRATION -->\n","protected":false},"excerpt":{"rendered":"","protected":false},"author":1,"featured_media":0,"parent":369,"menu_order":0,"comment_status":"closed","ping_status":"closed","template":"page-basique-the-tall-guy","meta":{"footnotes":""},"class_list":["post-1202","page","type-page","status-publish","hentry"],"_links":{"self":[{"href":"https:\/\/thetallguy.fr\/index.php\/wp-json\/wp\/v2\/pages\/1202","targetHints":{"allow":["GET"]}}],"collection":[{"href":"https:\/\/thetallguy.fr\/index.php\/wp-json\/wp\/v2\/pages"}],"about":[{"href":"https:\/\/thetallguy.fr\/index.php\/wp-json\/wp\/v2\/types\/page"}],"author":[{"embeddable":true,"href":"https:\/\/thetallguy.fr\/index.php\/wp-json\/wp\/v2\/users\/1"}],"replies":[{"embeddable":true,"href":"https:\/\/thetallguy.fr\/index.php\/wp-json\/wp\/v2\/comments?post=1202"}],"version-history":[{"count":2,"href":"https:\/\/thetallguy.fr\/index.php\/wp-json\/wp\/v2\/pages\/1202\/revisions"}],"predecessor-version":[{"id":1204,"href":"https:\/\/thetallguy.fr\/index.php\/wp-json\/wp\/v2\/pages\/1202\/revisions\/1204"}],"up":[{"embeddable":true,"href":"https:\/\/thetallguy.fr\/index.php\/wp-json\/wp\/v2\/pages\/369"}],"wp:attachment":[{"href":"https:\/\/thetallguy.fr\/index.php\/wp-json\/wp\/v2\/media?parent=1202"}],"curies":[{"name":"wp","href":"https:\/\/api.w.org\/{rel}","templated":true}]}}