{"id":1156,"date":"2024-12-15T21:48:09","date_gmt":"2024-12-15T20:48:09","guid":{"rendered":"https:\/\/thetallguy.fr\/?page_id=1156"},"modified":"2024-12-15T22:23:32","modified_gmt":"2024-12-15T21:23:32","slug":"tutoriel-virtualdub","status":"publish","type":"page","link":"https:\/\/thetallguy.fr\/index.php\/tutoriels\/tutoriel-virtualdub\/","title":{"rendered":"Tutoriel VirtualDub"},"content":{"rendered":"\n<pre class=\"wp-block-preformatted\" style=\"font-size:0.8rem\">Voici un tutoriel d\u00e9taill\u00e9 pour transformer une s\u00e9quence de photos JPG en un film vid\u00e9o avec VirtualDub :<br><br>1. T\u00e9l\u00e9chargement et installation de VirtualDub<br>\t1.\tT\u00e9l\u00e9chargez VirtualDub : Acc\u00e9dez au site officiel ou \u00e0 une source fiable pour t\u00e9l\u00e9charger VirtualDub.<br>\t2.\tInstallez VirtualDub : Extrayez les fichiers dans un dossier (VirtualDub ne n\u00e9cessite pas d\u2019installation traditionnelle, c\u2019est un logiciel portable).<br><br>2. Pr\u00e9paration des fichiers JPG<br>\t1.\tOrganisez vos images : Placez toutes les images dans un dossier. Assurez-vous que les fichiers sont nomm\u00e9s de mani\u00e8re s\u00e9quentielle (par ex. : image0001.jpg, image0002.jpg, etc.).<br>\t\u2022\tSi vos fichiers ne sont pas correctement nomm\u00e9s, utilisez un outil de renommage par lot (comme Bulk Rename Utility) pour les classer dans le bon ordre.<br>\t2.\tV\u00e9rifiez la r\u00e9solution des images : Toutes les images doivent avoir la m\u00eame r\u00e9solution pour \u00e9viter des probl\u00e8mes dans VirtualDub.<br><br>3. Chargement des images dans VirtualDub<br>\t1.\tLancez VirtualDub : Ouvrez le fichier VirtualDub.exe.<br>\t2.\tImportez la s\u00e9quence d\u2019images :<br>\t\u2022\tCliquez sur File > Open Video File.<br>\t\u2022\tDans la fen\u00eatre qui s\u2019ouvre, s\u00e9lectionnez la premi\u00e8re image de votre s\u00e9quence (par ex. : image0001.jpg).<br>\t\u2022\tVirtualDub d\u00e9tectera automatiquement les autres images de la s\u00e9quence si elles sont num\u00e9rot\u00e9es correctement.<br><br>4. Configuration de la fr\u00e9quence d\u2019images (FPS)<br>\t1.\tCliquez sur Video > Frame Rate.<br>\t2.\tDans la section \u201cSource rate adjustment\u201d, d\u00e9finissez la fr\u00e9quence d\u2019images (ex. : 24 fps pour un rendu fluide).<br>\t\u2022\tUne fr\u00e9quence \u00e9lev\u00e9e (comme 30 fps) rendra la vid\u00e9o plus fluide mais pourra acc\u00e9l\u00e9rer la s\u00e9quence.<br>\t\u2022\tAjustez en fonction de vos besoins.<br><br>5. Ajout de compression vid\u00e9o<br>\t1.\tCliquez sur Video > Compression.<br>\t2.\tS\u00e9lectionnez un codec vid\u00e9o compatible, comme Xvid MPEG-4 Codec ou H.264 (si install\u00e9).<br>\t\u2022\tSi aucun codec n\u2019appara\u00eet, vous devrez en installer un au pr\u00e9alable, comme le pack K-Lite Codec Pack.<br>\t3.\tCliquez sur OK.<br><br>6. Configuration de la sortie<br>\t1.\tAjustez les dimensions : Si n\u00e9cessaire, allez dans Video > Filters pour ajouter un filtre comme \u201cresize\u201d et ajuster les dimensions de la vid\u00e9o.<br>\t2.\tAjout de l\u2019audio (optionnel) :<br>\t\u2022\tSi vous souhaitez ajouter une bande sonore, allez dans Audio > Audio from other file et s\u00e9lectionnez un fichier audio compatible (par ex. MP3 ou WAV).<br><br>7. Exportation de la vid\u00e9o<br>\t1.\tCliquez sur File > Save as AVI.<br>\t2.\tChoisissez un nom et un emplacement pour votre vid\u00e9o, puis cliquez sur Enregistrer.<br>\t\u2022\tVirtualDub cr\u00e9era votre vid\u00e9o en utilisant la s\u00e9quence d\u2019images et les param\u00e8tres d\u00e9finis.<br><br>8. Lecture et v\u00e9rification<br>\t1.\tUne fois l\u2019export termin\u00e9, lisez la vid\u00e9o avec un lecteur compatible (comme VLC) pour v\u00e9rifier le rendu.<br>\t2.\tSi des ajustements sont n\u00e9cessaires (dur\u00e9e, r\u00e9solution, audio), retournez dans VirtualDub et modifiez les param\u00e8tres.<br><br>Conseils suppl\u00e9mentaires<br>\t\u2022\tConversion vers d\u2019autres formats : Si vous avez besoin d\u2019un format sp\u00e9cifique (comme MP4), utilisez un convertisseur vid\u00e9o comme HandBrake apr\u00e8s avoir export\u00e9 la vid\u00e9o en AVI.<br>\t\u2022\tOptimisation de la taille : Jouez avec les param\u00e8tres de compression pour \u00e9quilibrer qualit\u00e9 et taille du fichier final.<br><br>Ce processus vous permettra de cr\u00e9er une vid\u00e9o \u00e0 partir de vos images JPG de mani\u00e8re simple et efficace.<\/pre>\n","protected":false},"excerpt":{"rendered":"<p>Voici un tutoriel d\u00e9taill\u00e9 pour transformer une s\u00e9quence de photos JPG en un film vid\u00e9o avec VirtualDub :1. T\u00e9l\u00e9chargement et installation de VirtualDub 1. T\u00e9l\u00e9chargez VirtualDub : Acc\u00e9dez au site officiel ou \u00e0 une source fiable pour t\u00e9l\u00e9charger VirtualDub. 2. Installez VirtualDub : Extrayez les fichiers dans un dossier (VirtualDub ne n\u00e9cessite pas d\u2019installation traditionnelle, [&hellip;]<\/p>\n","protected":false},"author":1,"featured_media":0,"parent":1171,"menu_order":0,"comment_status":"closed","ping_status":"closed","template":"page-basique-the-tall-guy","meta":{"footnotes":""},"class_list":["post-1156","page","type-page","status-publish","hentry"],"_links":{"self":[{"href":"https:\/\/thetallguy.fr\/index.php\/wp-json\/wp\/v2\/pages\/1156","targetHints":{"allow":["GET"]}}],"collection":[{"href":"https:\/\/thetallguy.fr\/index.php\/wp-json\/wp\/v2\/pages"}],"about":[{"href":"https:\/\/thetallguy.fr\/index.php\/wp-json\/wp\/v2\/types\/page"}],"author":[{"embeddable":true,"href":"https:\/\/thetallguy.fr\/index.php\/wp-json\/wp\/v2\/users\/1"}],"replies":[{"embeddable":true,"href":"https:\/\/thetallguy.fr\/index.php\/wp-json\/wp\/v2\/comments?post=1156"}],"version-history":[{"count":1,"href":"https:\/\/thetallguy.fr\/index.php\/wp-json\/wp\/v2\/pages\/1156\/revisions"}],"predecessor-version":[{"id":1157,"href":"https:\/\/thetallguy.fr\/index.php\/wp-json\/wp\/v2\/pages\/1156\/revisions\/1157"}],"up":[{"embeddable":true,"href":"https:\/\/thetallguy.fr\/index.php\/wp-json\/wp\/v2\/pages\/1171"}],"wp:attachment":[{"href":"https:\/\/thetallguy.fr\/index.php\/wp-json\/wp\/v2\/media?parent=1156"}],"curies":[{"name":"wp","href":"https:\/\/api.w.org\/{rel}","templated":true}]}}